95 a multiple of 274?
False
Does 372 divide 689316?
True
Is 671 a factor of 1611424?
False
Is 3804174 a multiple of 504?
False
Is 13 a factor of 6695942?
False
Is 391 a factor of 44403?
False
Is 74 a factor of 16049?
False
Is 36 a factor of 4604390?
False
Is 12 a factor of 308177?
False
Is 43 a factor of 4952826?
True
Is 424 a factor of 834289?
False
Does 12 divide 534105?
False
Is 33396 a multiple of 44?
True
Does 1191 divide 19100067?
True
Does 165 divide 201630?
True
Is 120 a factor of 1411440?
True
Is 600 a factor of 1660956?
False
Does 31 divide 39308?
True
Is 581152 a multiple of 8?
True
Does 13 divide 1188531?
False
Is 192667 a multiple of 47?
False
Is 216177 a multiple of 286?
False
Does 5 divide 24975?
True
Does 455 divide 436774?
False
Is 8168925 a multiple of 745?
True
Is 73608 a multiple of 12?
True
Does 82 divide 335324?
False
Does 108 divide 746712?
True
Does 41 divide 528777?
True
Does 26 divide 159302?
True
Does 5 divide 111855?
True
Does 84 divide 197148?
True
Does 118 divide 12132624?
False
Is 14364 a multiple of 12?
True
Does 439 divide 1151497?
True
Is 2973230 a multiple of 7?
False
Does 120 divide 32389?
False
Is 3253552 a multiple of 16?
True
Is 20655 a multiple of 135?
True
Is 15 a factor of 1627415?
False
Is 11 a factor of 817685?
True
Is 15 a factor of 129780?
True
Is 273941 a multiple of 14?
False
Is 15544984 a multiple of 524?
True
Does 180 divide 108000?
True
Is 31443 a multiple of 223?
True
Is 1155252 a multiple of 42?
True
Is 1321167 a multiple of 3?
True
Is 178 a factor of 12187365?
False
Does 162 divide 44941?
False
Does 200 divide 35200?
True
Does 8 divide 34564?
False
Is 371202 a multiple of 39?
True
Is 6 a factor of 86466?
True
Is 68 a factor of 1092080?
True
Is 1167549 a multiple of 69?
True
Is 11582138 a multiple of 13?
False
Does 7 divide 1425526?
False
Is 211 a factor of 12356?
False
Is 839 a factor of 488298?
True
Is 259336 a multiple of 14?
True
Is 314853 a multiple of 293?
False
Is 13 a factor of 1480258?
True
Is 161418 a multiple of 27?
False
Is 4275120 a multiple of 470?
True
Is 42 a factor of 12181?
False
Is 25 a factor of 206050?
True
Is 125 a factor of 558?
False
Is 6746 even?
True
Does 115 divide 552690?
True
Is 384715 a multiple of 2?
False
Does 13 divide 1132996?
False
Is 1463656 a multiple of 394?
False
Is 20 a factor of 9212820?
True
Is 12 a factor of 43103?
False
Is 23 a factor of 198036?
False
Does 9 divide 151223?
False
Is 226487 a multiple of 14?
False
Does 75 divide 2451734?
False
Is 452 a factor of 49472?
False
Is 13 a factor of 7886869?
False
Is 239334 a multiple of 27?
False
Is 7819560 a multiple of 90?
True
Does 6 divide 3445272?
True
Is 406864 a multiple of 431?
True
Is 270 a factor of 179550?
True
Does 23 divide 905763?
True
Is 6715700 a multiple of 20?
True
Is 6 a factor of 109563?
False
Is 13 a factor of 1389825?
False
Is 679 a factor of 2708109?
False
Does 99 divide 953172?
True
Is 25165889 a multiple of 129?
False
Is 87890 a multiple of 11?
True
Is 89 a factor of 136526?
True
Is 87078 a multiple of 3?
True
Does 1151 divide 15283593?
False
Does 25 divide 24868362?
False
Is 51 a factor of 256248?
False
Is 31372 a multiple of 124?
True
Is 319 a factor of 458645?
False
Is 19 a factor of 4674683?
False
Is 21 a factor of 273327?
False
Is 124872 a multiple of 344?
True
Is 428611 a multiple of 53?
True
Is 5948559 a multiple of 103?
True
Is 437684 a multiple of 38?
True
Is 2392982 a multiple of 40?
False
Is 11 a factor of 51997?
True
Is 18400 a multiple of 32?
True
Is 1033308 a multiple of 9?
True
Is 256 a factor of 242432?
True
Is 454863 a multiple of 15?
False
Is 13491 even?
False
Is 1031 a factor of 1904519?
False
Does 136 divide 111436?
False
Is 472130 a multiple of 28?
False
Does 258 divide 1097274?
True
Does 67 divide 20298307?
False
Is 36 a factor of 3591?
False
Does 258 divide 429678?
False
Is 8202266 a multiple of 94?
False
Is 14 a factor of 265328?
True
Is 1558793 a multiple of 137?
False
Does 18 divide 12881?
False
Does 7 divide 12894?
True
Is 2074968 a multiple of 21?
True
Is 3 a factor of 837903?
True
Does 48 divide 142224?
True
Does 235 divide 143820?
True
Does 9 divide 21083?
False
Does 24 divide 13197?
False
Does 49 divide 409297?
True
Is 261250 a multiple of 244?
False
Does 3 divide 30455?
False
Does 504 divide 2988169?
False
Does 1637 divide 12593441?
True
Is 5224250 a multiple of 250?
True
Is 454532 a multiple of 9?
False
Is 280 a factor of 8120?
True
Is 36450 a multiple of 54?
True
Is 52 a factor of 8670480?
True
Does 32 divide 69513?
False
Does 18 divide 302081?
False
Is 456241 a multiple of 33?
False
Does 32 divide 2879680?
True
Is 39 a factor of 540999?
False
Does 251 divide 122147?
False
Is 473668 a multiple of 26?
True
Is 8 a factor of 597792?
True
Is 231 a factor of 392700?
True
Does 337 divide 2196903?
True
Does 21 divide 1551795?
True
Is 203 a factor of 457968?
True
Does 83 divide 372804?
False
Is 9028 a multiple of 41?
False
Does 17 divide 721310?
True
Is 3 a factor of 1359861?
True
Is 11 a factor of 60866?
False
Is 10 a factor of 4129310?
True
Is 2241678 a multiple of 302?
False
Is 2258009 a multiple of 31?
True
Is 4 a factor of 132614?
False
Is 104 a factor of 265770?
False
Does 11 divide 386881?
True
Does 164 divide 137432?
True
Does 68 divide 206189?
False
Does 121 divide 3619660?
False
Is 12 a factor of 45024?
True
Does 399 divide 1262835?
True
Is 581052 a multiple of 39?
False
Does 10 divide 26655?
False
Is 300672 a multiple of 64?
True
Is 117589 a multiple of 17?
True
Is 1266320 a multiple of 8?
True
Does 514 divide 5043368?
True
Is 1622301 a multiple of 857?
True
Is 4153324 a multiple of 211?
True
Is 4433936 a multiple of 208?
True
Does 67 divide 95810?
True
Does 6 divide 241562?
False
Does 118 divide 16300166?
True
Is 50 a factor of 112700?
True
Does 111 divide 180597?
True
Is 41 a factor of 502440?
False
Is 219790 a multiple of 10?
True
Is 40 a factor of 17382?
False
Does 8 divide 781119?
False
Is 56 a factor of 273122?
False
Does 44 divide 52492?
True
Does 28 divide 71820?
True
Is 25500 a multiple of 12?
True
Is 11113054 a multiple of 7?
False
Is 30515617 a multiple of 121?
False
Is 58050 a multiple of 15?
True
Is 61 a factor of 101809?
True
Does 98 divide 2591806?
True
Does 695 divide 2631161?
False
Is 4 a factor of 2014568?
True
Is 38 a factor of 126807?
False
Does 90 divide 21751182?
False
Does 19 divide 524411?
False
Is 785067 a multiple of 258?
False
Is 728714 a multiple of 206?
False
Does 36 divide 83312?
False
Is 9130389 a multiple of 20?
False
Is 8658705 a multiple of 291?
True
Is 41 a factor of 13919749?
False
Does 2 divide 41173?
False
Is 1026 a factor of 9940914?
True
Is 2223870 a multiple of 115?
True
Is 410530 a multiple of 2?
True
Is 227 a factor of 11691085?
False
Does 73 divide 1814?
False
Does 56 divide 1990517?
False
Does 46 divide 128470?
False
Is 1791054 a multiple of 18?
True
Does 6 divide 285030?
True
Is 164 a factor of 14596?
True
Does 79 divide 277764?
True
Does 7 divide 7805?
True
Does 5 divide 131785?
True
Does 64 divide 89280?
True
Is 98910 a multiple of 10?
True
Is 52 a factor of 573456?
True
Is 15 a factor of 187620?
True
Does 208 divide 579904?
True
Does 6 divide 108720?
True
Does 6 divide 80364?
True
Does 2 divide 207294?
True
Is 1028719 a multiple of 39?
False
Is 746644 a multiple of 193?
False
Does 730 divide 261513?
False
Is 12 a factor of 2264868?
True
Is 9325231 a multiple of 17?
True
Is 186 a factor of 167028?
True
Does 1811 divide 20839177?
True
Does 79 divide 1139575?
True
Does 76 divide 6162004?
True
Does 51 divide 336651?
True
Is 88693 a multiple of 121?
True
Is 1058 a factor of 3899190?
False
Is 108878 a multiple of 14?
True
Is 584 a factor of 422232?
True
Is 54 a factor of 93041?
False
Is 45057 a multiple of 6?
False
Is 1492644 a multiple of 7?
False
Is 233 a factor of 311837?
False
Is 607 a factor of 24587593?
False
Is 124774 a multiple of 7?
False
Is 3 a factor of 423952?
False
Is 1535372 a multiple of 92?
False
Is 124 a factor of 378820?
True
Is 35056 a multiple of 28?
True
Is 21588 a multiple of 12?
True
Is 1273496 a multiple of 172?
False
Is 552938 a multiple of 6?
False
Is 981680 a multiple of 35?
True
Does 669 divide 4755921?
True
Is 84 a factor of 120724?
False
Is 1889316 a multiple of 26?
Tr